ndreds digit of d?
5
Let g = 120 + -118. Let o(m) = 41 + m**g + 3*m**2 + 27*m - 24*m. What is the tens digit of o(-6)?
6
Suppose -23*t + 48623 = 7269. What is the tens digit of t?
9
Suppose 0 = -w + 4*n + 24266, 17*w - 2*n - 48532 = 15*w. What is the thousands digit of w?
4
What is the units digit of (-1670688)/(-45) - (-9 + 376/40)?
6
Suppose 4741 + 1939 = 5*y. Suppose 15*t - y = 13*t. What is the tens digit of t?
6
Let r(q) = -q + 10. Let a(h) = -2*h - 15. Let b be a(-11). Let d be r(b). What is the tens digit of d/(((-18)/(-8))/((-387)/(-6)))?
8
Let u be ((-28)/35)/((-1)/(-10)). Let a(f) be the third derivative of f**6/120 + 2*f**5/15 - f**4/2 + 8*f**3/3 + 41*f**2. What is the units digit of a(u)?
2
Suppose 3*s - 3*q - 1197 = 0, 0*s - 2*q = 5*s - 2016. Suppose -4*f = -5*m - 559, 0 = f + 2*f + 2*m - s. Suppose 248 + f = 2*l. What is the hundreds digit of l?
1
Let f(m) = -m. Let q(y) = 118*y + 7. Let g(p) = 2*f(p) + q(p). What is the hundreds digit of g(1)?
1
Let j(g) = 60*g - 55. Let v be j(-7). Let p = v - -798. What is the hundreds digit of p?
3
Suppose -2*g + 4*r + 13288 = -1938, 0 = g + 5*r - 7655. What is the units digit of g?
5
Suppose 45*v = 458 + 1207. Suppose 0 = v*x - 23689 - 18602. What is the units digit of x?
3
Let t(j) = -j**2 + 4*j - 2. Let a be t(4). Let o be a/5 - 10/(-25). Suppose -2*u + o*u = -210. What is the tens digit of u?
0
What is the units digit of (43352/(-10))/(713/155 - 10/2)?
8
Let q be (-15)/(-3)*16/2. Let p = 44 - q. Suppose d + 2*w - w = 14, -18 = -2*d - p*w. What is the units digit of d?
9
Suppose -3*f + 3*n + 777 = -2*n, -1317 = -5*f + n. What is the units digit of (13 + -11 + -3)*(-1 - f)?
5
Let u(f) = -7*f + 26 + 6*f**3 - 7*f**3 + 3 + 22*f**2 + 2*f. What is the hundreds digit of u(21)?
3
Suppose -70 = 4*q - 2*t, -5*q = -4*t + 90 + 5. Let k(a) be the first derivative of -a**2 - 25*a + 1. What is the units digit of k(q)?
5
Suppose 0 = 21*y - 2*y + 48 - 162. Let c(w) be the third derivative of 3*w**4/8 + 6*w**3 + w**2. What is the tens digit of c(y)?
9
Suppose -80*t = 280588 - 1285468. What is the tens digit of t?
6
What is the hundreds digit of (-2 + 425/(-4))/(36/(-3168))?
5
Let h(s) = s. Let m(a) = -6*a + 31. Let l(d) = 2*h(d) + m(d). Let z be l(9). What is the tens digit of ((-6)/4)/(z - (-748)/152)?
1
Let h be 4/(-4) - -254 - 3. Suppose -4*y - h = 374. Let z = y + 231. What is the tens digit of z?
7
Suppose -489*l + 490*l - c = 6262, -l + 6242 = 3*c. What is the tens digit of l?
5
Let f(n) = n**3 + 5*n**2 - 3*n + 1. Let h be (3 + (-92)/28)*-14. Suppose -5*t - 5*k = 10, -h*t - k + 1 = -2*t. What is the units digit of f(t)?
4
Let j = 30 - 55. Let k = j + 37. What is the tens digit of (3/(k/244))/1?
6
Let t(s) be the first derivative of 65*s**4/4 + s**3/3 - 3*s**2/2 - 75. What is the tens digit of t(2)?
1
Suppose 40*x = 15*x + 100. Suppose x*s = -200 + 2000. What is the units digit of s?
0
Suppose 4*q + 8 = 0, -9*q + 4*q = -4*i + 822. Suppose 4*s + s - v - 321 = 0, -3*s - 2*v = -i. Let w = s + -19. What is the units digit of w?
6
Suppose 4*f + 2524 = l, -l - 2*f - f = -2503. What is the thousands digit of l?
2
Suppose -7*w + 3*w = 1944. Let j = -60 - w. What is the hundreds digit of j?
4
Suppose -9*p - 38 = 43. What is the tens digit of (-136)/6*8/48*p?
3
Suppose 27*y - 25*y + 10 = 0. Let l(k) be the third derivative of k**5/60 - k**4/24 - 7*k**3/3 + 22*k**2. What is the units digit of l(y)?
6
Let v be 291/21 + (15/35)/3. Suppose -v*b + 22003 - 1073 = 0. What is the units digit of b?
5
Let s(l) = 2*l**2 - 4*l + 4. Let o(h) = h**2 + 3*h + 2. Let b be o(-3). Let a be (119/34)/(1/b). What is the tens digit of s(a)?
7
Let d be -74 - 6/(1*-3). Suppose v + 0 - 4 = 0, v - 316 = 2*r. Let n = d - r. What is the units digit of n?
4
Let j(i) be the second derivative of 59*i**3/3 - 83*i**2 + 137*i. What is the units digit of j(12)?
0
Let s(y) be the second derivative of -y**5/4 + y**4 - y**3 + y**2/2 - 2*y. Let u(h) = -h**3 + h**2. Let i(w) = s(w) - 4*u(w). What is the units digit of i(5)?
6
Suppose -17*k - 30 = -18*k. Let d = 34 - k. Suppose 3*a + d*y = 33 + 124, -2*y = -3*a + 187. What is the tens digit of a?
5
Let d = 29929 - 8639. What is the thousands digit of d?
1
Let j(b) = b**2 - 7*b + 17. Let k be j(5). What is the hundreds digit of k - ((7 - 1807) + -6)?
8
Let l(p) = -3*p**2 - 2*p - 2. Let v(k) = -25*k**2 - 16*k - 16. Let c(o) = -51*l(o) + 6*v(o). Let w be c(-3). What is the units digit of 12/(-5*(-3)/w)?
2
Let t(g) = -g - 12. Let l be t(-12). Suppose -6 = -2*k - l*k. Suppose x + 10 + 440 = k*q, 2*q - 2*x = 296. What is the hundreds digit of q?
1
Let m = 932 + -597. Let s = 681 - m. What is the hundreds digit of s?
3
Suppose 5*j - 24809 - 21846 = 0. What is the units digit of j?
1
Let f(d) = 23*d**2 - 36*d - 898. What is the tens digit of f(-23)?
9
Suppose 3*r + 2*r = 895. Suppose -9*w = -694 - r. Let p = -61 + w. What is the units digit of p?
6
Let w(d) be the third derivative of -67/24*d**4 + 0 + 0*d + 2/3*d**3 + 30*d**2. What is the hundreds digit of w(-2)?
1
Let x(a) = 149*a**2 + 70*a - 38. What is the hundreds digit of x(-10)?
1
Suppose -3173912 - 993238 = -306*v + 358284. What is the ten thousands digit of v?
1
Suppose b - 8*b - 98 = 0. Let v(f) = f**2 + 14*f - 6. Let p be v(10). Let r = b + p. What is the tens digit of r?
2
Let l(r) = 53*r**3 + r**2 - 42*r + 90. What is the hundreds digit of l(5)?
5
Let i = -6857 + 18653. What is the ten thousands digit of i?
1
Let n(o) = 2*o**2 + 3*o + 4. Let l be n(-1). Suppose l*i = -2*b + 2148, -2844 = -4*i - b + 5*b. What is the tens digit of i?
1
Suppose 2*b - 4*b = -5*b. Suppose 76*h - 81*h + 20 = b. Suppose h*g - s - 703 = 0, -2*s = -4*g + s + 693. What is the tens digit of g?
7
Suppose -581*a + 28089 = -572*a. Suppose -a = -3*q - 5*l, -2*q - 84 = -5*l - 2173. What is the hundreds digit of q?
0
Let g(c) = c**3 - 12*c**2 + 13*c + 22. Let r be g(12). Let j = 607 - r. What is the hundreds digit of j?
4
Suppose 15 + 21 = 9*t. Suppose 0 = -5*j + 4*j + 1, 0 = -t*g - 5*j + 1493. What is the tens digit of g?
7
Let x be 33*(-2 + (2225/15)/5). Suppose x = -6*h + 12283. What is the units digit of h?
5
What is the hundreds digit of 255748/20 + (-8 - (-387)/45)?
7
What is the units digit of ((-312)/10)/(((-41)/2050)/(2/8))?
0
Suppose 2*h - 14386 = -o + 2*o, 3*o = h - 7203. What is the hundreds digit of h?
1
Suppose -31*x + 44*x = -13. What is the hundreds digit of -5 - x - (-1562 + 3)?
5
Suppose 11*y - 658 = -163. Suppose 32474 = y*m - 19*m. What is the thousands digit of m?
1
Let u(a) = 22*a + 232. Let m = 477 - 456. What is the hundreds digit of u(m)?
6
Suppose 284*n - 21036715 - 40345 = 0. What is the tens digit of n?
1
Let o(b) = -137*b + 9. Let s be o(9). What is the tens digit of (2*(-3)/(-12))/((-3)/s)?
0
Let z(o) = 1827*o**2 + 79*o - 10. What is the ten thousands digit of z(6)?
6
Let b = 10291 - -9019. What is the units digit of b?
0
Let d = 49 - 46. Suppose -225 - 154 = -d*i - g, 0 = 3*i - 2*g - 385. Suppose -6*c + 5*q = -7*c + 118, -c - 2*q = -i. What is the units digit of c?
3
Suppose 3*n - 4*m - 60 + 15 = 0, 5*m = 4*n - 59. Suppose -z + n = -7*b + 5*b, 0 = 5*z - 2*b - 23. What is the units digit of z?
3
Let u(s) = -2190*s + 1474. What is the hundreds digit of u(-21)?
4
Suppose -g - 2*m + 28 = -21, -2*m = -2. Let q = 174 + g. What is the hundreds digit of q?
2
Let h = -69205 + 99356. What is the tens digit of h?
5
Suppose 18*r - 1768 = r. Suppose -101*j = -r*j + 228. What is the units digit of j?
6
Suppose 0 = t - 9*t + 2096. Let w = t + -174. Suppose w = -g + 9*g. What is the tens digit of g?
1
Let m(g) = -4*g + 50. Let r be m(12). Suppose -v = 2*w - 513, r*v - 1262 = 2*w - 206. What is the tens digit of v?
2
Let t(c) = 8*c**2 - 2*c. Suppose 30 = -8*d + 6*d. Let i = 12 + d. What is the units digit of t(i)?
8
Let y(b) = 34*b - 4. Let q(d) = 104*d - 14. Let p(v) = 3*q(v) - 10*y(v). What is the units digit of p(-3)?
2
Let r = -1922 - -3451. Let h = 2716 - r. What is the thousands digit of h?
1
Let k(x) = 4415*x - 6030. What is the thousands digit of k(10)?
8
Let j be (-8)/16*(-4260 - 2) + -2. Suppose -181 = 4*c - j. What is the hundreds digit of c?
4
Let f(x) = x**2 + 4*x + 1. Let i be f(-3). What is the hundreds digit of (-282)/i + (-8)/4?
1
Let w = -2174 - 